 80.
12
What is the remainder when 243 is divided by 76?
15
What is the remainder when 809 is divided by 5?
4
What is the remainder when 338 is divided by 88?
74
Calculate the remainder when 1950 is divided by 21.
18
Calculate the remainder when 98 is divided by 87.
11
What is the remainder when 289 is divided by 104?
81
Calculate the remainder when 8059 is divided by 31.
30
Calculate the remainder when 1337 is divided by 20.
17
Calculate the remainder when 5031 is divided by 74.
73
Calculate the remainder when 293 is divided by 42.
41
Calculate the remainder when 662 is divided by 166.
164
What is the remainder when 614 is divided by 14?
12
Calculate the remainder when 343 is divided by 191.
152
Calculate the remainder when 270 is divided by 17.
15
What is the remainder when 678 is divided by 18?
12
Calculate the remainder when 1310 is divided by 130.
10
Calculate the remainder when 208 is divided by 48.
16
What is the remainder when 4369 is divided by 1456?
1
Calculate the remainder when 16670 is divided by 44.
38
What is the remainder when 3058 is divided by 59?
49
Calculate the remainder when 313 is divided by 55.
38
Calculate the remainder when 3769 is divided by 14.
3
Calculate the remainder when 70 is divided by 30.
10
What is the remainder when 326 is divided by 98?
32
What is the remainder when 2202 is divided by 33?
24
Calculate the remainder when 6163 is divided by 220.
3
What is the remainder when 448 is divided by 68?
40
What is the remainder when 2248 is divided by 1122?
4
What is the remainder when 283 is divided by 278?
5
What is the remainder when 307 is divided by 37?
11
Calculate the remainder when 78 is divided by 5.
3
What is the remainder when 1044 is divided by 30?
24
Calculate the remainder when 21 is divided by 15.
6
What is the remainder when 703 is divided by 78?
1
What is the remainder when 59 is divided by 51?
8
Calculate the remainder when 3134 is divided by 780.
14
Calculate the remainder when 81 is divided by 32.
17
Calculate the remainder when 923 is divided by 28.
27
Calculate the remainder when 271 is divided by 23.
18
Calculate the remainder when 186 is divided by 34.
16
What is the remainder when 1207 is divided by 11?
8
What is the remainder when 683 is divided by 653?
30
What is the remainder when 28 is divided by 8?
4
Calculate the remainder when 110 is divided by 57.
53
Calculate the remainder when 90 is divided by 34.
22
What is the remainder when 2701 is divided by 14?
13
Calculate the remainder when 3914 is divided by 9.
8
Calculate the remainder when 195 is divided by 28.
27
Calculate the remainder when 116 is divided by 42.
32
What is the remainder when 39 is divided by 12?
3
Calculate the remainder when 822 is divided by 76.
62
Calculate the remainder when 826 is divided by 94.
74
Calculate the remainder when 141 is divided by 68.
5
What is the remainder when 148 is divided by 38?
34
What is the remainder when 117 is divided by 40?
37
What is the remainder when 287 is divided by 97?
93
What is the remainder when 1272 is divided by 427?
418
What is the remainder when 188 is divided by 174?
14
Calculate the remainder when 545 is divided by 42.
41
What is the remainder when 638 is divided by 61?
28
What is the remainder when 143 is divided by 38?
29
What is the remainder when 11459 is divided by 42?
35
Calculate the remainder when 209 is divided by 28.
13
What is the remainder when 18 is divided by 12?
6
Calculate the remainder when 237 is divided by 144.
93
Calculate the remainder when 17144 is divided by 17.
8
Calculate the remainder when 401 is divided by 27.
23
What is the remainder when 66 is divided by 44?
22
What is the remainder when 924 is divided by 264?
132
Calculate the remainder when 252 is divided by 77.
21
Calculate the remainder when 351 is divided by 52.
39
Calculate the remainder when 2549 is divided by 169.
14
Calculate the remainder when 175 is divided by 9.
4
What is the remainder when 240 is divided by 45?
15
What is the remainder when 1136 is divided by 95?
91
What is the remainder when 202 is divided by 102?
100
Calculate the remainder when 98 is divided by 41.
16
What is the remainder when 4271 is divided by 251?
4
Calculate the remainder when 404 is divided by 27.
26
What is the remainder when 1012 is divided by 29?
26
What is the remainder when 2930 is divided by 103?
46
Calculate the remainder when 78 is divided by 27.
24
What is the remainder when 479 is divided by 57?
23
What is the remainder when 196 is divided by 29?
22
What is the remainder when 279 is divided by 53?
14
What is the remainder when 1631 is divided by 16?
15
What is the remainder when 176 is divided by 20?
16
What is the remainder when 262 is divided by 19?
15
Calculate the remainder when 439 is divided by 88.
87
What is the remainder when 92 is divided by 9?
2
Calculate the remainder when 395 is divided by 50.
45
What is the remainder when 842 is divided by 57?
44
Calculate the remainder when 64 is divided by 24.
16
Calculate the remainder when 7277 is divided by 10.
7
Calculate the remainder when 122 is divided by 41.
40
What is the remainder when 4622 is divided by 354?
20
What is the remainder when 236 is divided by 4?
0
Calculate the remainder when 31 is divided by 28.
3
Calculate the remainder when 149 is divided by 31.
25
What is the remainder when 4349 is divided by 24?
5
What is the remainder when 164 is divided by 88?
76
Calculate the remainder when 1673 is divided by 5.
3
Calculate the remainder when 2287 is divided by 12.
7
What is the remainder when 9107 is divided by 147?
140
Calculate the remainder when 568 is divided by 48.
40
Calculate the remainder when 254 is divided by 88.
78
What is the remainder when 660 is divided by 17?
14
Calculate the remainder when 1546 is divided by 42.
34
Calculate the remainder when 1106 is divided by 53.
46
What is the remainder when 345 is divided by 129?
87
Calculate the remainder when 3991 is divided by 8.
7
What is the remainder when 91 is divided by 27?
10
What is the remainder when 2573 is divided by 66?
65
Calculate the remainder when 403 is divided by 82.
75
Calculate the remainder when 374 is divided by 23.
6
What is the remainder when 34 is divided by 29?
5
Calculate the remainder when 113 is divided by 44.
25
Calculate the remainder when 4769 is divided by 90.
89
What is the remainder when 9457 is divided by 215?
212
What is the remainder when 662 is divided by 19?
16
What is the remainder when 115 is divided by 105?
10
Calculate the remainder when 254 is divided by 1.
0
Calculate the remainder when 334 is divided by 20.
14
Calculate the remainder when 618 is divided by 23.
20
What is the remainder when 323 is divided by 156?
11
What is the remainder when 9692 is divided by 220?
12
Calculate the remainder when 115 is divided by 32.
19
Calculate the remainder when 220 is divided by 81.
58
Calculate the remainder when 384 is divided by 94.
8
Calculate the remainder when 2367 is divided by 10.
7
Calculate the remainder when 11 is divided by 6.
5
What is the remainder when 8332 is divided by 13?
12
Calculate the remainder when 1296 is divided by 52.
48
What is the remainder when 12 is divided by 2?
0
What is the remainder when 92 is divided by 31?
30
What is the remainder when 970 is divided by 9?
7
Calculate the remainder when 4 is divided by 1.
0
Calculate the remainder when 1825 is divided by 605.
10
What is the remainder when 353 is divided by 36?
29
What is the remainder when 269 is divided by 106?
57
Calculate the remainder when 26 is divided by 13.
0
What is the remainder when 1512 is divided by 101?
98
Calculate the remainder when 156 is divided by 35.
16
What is the remainder when 1074 is divided by 335?
69
What is the remainder when 372 is divided by 15?
12
What is the remainder when 65 is divided by 65?
0
What is the remainder when 1125 is divided by 86?
7
What is the remainder when 11626 is divided by 29?
26
Calculate the remainder when 336 is divided by 26.
24
Calculate the remainder when 100 is divided by 28.
16
What is the remainder when 23 is divided by 19?
4
Calculate the remainder when 1309 is divided by 43.
19
What is the remainder when 252 is divided by 87?
78
What is the remainder when 2892 is divided by 104?
84
Calculate th